{"id":646,"date":"2017-06-26T14:07:05","date_gmt":"2017-06-26T14:07:05","guid":{"rendered":"http:\/\/dummy.xtemos.com\/woodmart\/demos\/?page_id=646"},"modified":"2018-12-21T00:32:43","modified_gmt":"2018-12-21T02:32:43","slug":"fale-conosco","status":"publish","type":"page","link":"http:\/\/costaodaserrasc.com.br\/loja\/fale-conosco\/","title":{"rendered":"Fale Conosco"},"content":{"rendered":"<p>[vc_row css=&#8221;.vc_custom_1496928548785{margin-top: 4vh !important;margin-bottom: 8vh !important;}&#8221;][vc_column offset=&#8221;vc_col-lg-offset-3 vc_col-lg-6 vc_col-md-offset-3 vc_col-md-6&#8243;][vc_custom_heading text=&#8221;<strong>Fale Conosco<\/strong>&#8221; font_container=&#8221;tag:h5|font_size:48|text_align:center&#8221; use_theme_fonts=&#8221;yes&#8221; css=&#8221;.vc_custom_1535328908213{margin-bottom: 10px !important;}&#8221;][vc_column_text el_class=&#8221;text-larger&#8221; css=&#8221;.vc_custom_1535329003429{margin-bottom: 0px !important;padding-right: 9% !important;padding-left: 9% !important;}&#8221;]<\/p>\n<p style=\"text-align: center;\">Consulte abaixo as Perguntas Frequentes ou utilize o formul\u00e1rio de contato para maiores informa\u00e7\u00f5es.<\/p>\n<p>[\/vc_column_text][\/vc_column][\/vc_row][vc_row css_animation=&#8221;none&#8221; css=&#8221;.vc_custom_1496930373879{margin-bottom: 30px !important;padding-right: 5% !important;padding-left: 5% !important;}&#8221;][vc_column css_animation=&#8221;none&#8221; width=&#8221;1\/2&#8243; css=&#8221;.vc_custom_1496929082665{margin-bottom: 20px !important;padding-top: 0px !important;}&#8221; offset=&#8221;vc_col-lg-3 vc_col-md-3&#8243;][vc_custom_heading text=&#8221;ENDERE\u00c7O&#8221; font_container=&#8221;tag:h6|text_align:left&#8221; use_theme_fonts=&#8221;yes&#8221; css=&#8221;.vc_custom_1535329035813{margin-bottom: 10px !important;}&#8221;][vc_separator color=&#8221;custom&#8221; accent_color=&#8221;#eaeaea&#8221; css=&#8221;.vc_custom_1481478904779{margin-bottom: 10px !important;}&#8221;][vc_custom_heading text=&#8221;Rua \u00c9rico Ver\u00edssimo, 143, S\u00e3o Luiz,<br \/>\nCrici\u00fama, SC&#8221; font_container=&#8221;tag:p|text_align:left&#8221; use_theme_fonts=&#8221;yes&#8221; css=&#8221;.vc_custom_1535329091166{margin-bottom: 0px !important;}&#8221;][\/vc_column][vc_column css_animation=&#8221;none&#8221; width=&#8221;1\/2&#8243; css=&#8221;.vc_custom_1496929092528{margin-bottom: 20px !important;padding-top: 0px !important;}&#8221; offset=&#8221;vc_col-lg-3 vc_col-md-3&#8243;][vc_custom_heading text=&#8221;CONTATOS&#8221; font_container=&#8221;tag:h6|text_align:left&#8221; use_theme_fonts=&#8221;yes&#8221; css=&#8221;.vc_custom_1535329118505{margin-bottom: 10px !important;}&#8221;][vc_separator color=&#8221;custom&#8221; accent_color=&#8221;#eaeaea&#8221; css=&#8221;.vc_custom_1481478904779{margin-bottom: 10px !important;}&#8221;][vc_custom_heading text=&#8221;Fone: (48) 3045-1001<br \/>\nWhatsApp: (48) 99978-9255&#8243; font_container=&#8221;tag:p|text_align:left&#8221; use_theme_fonts=&#8221;yes&#8221; css=&#8221;.vc_custom_1545359438090{margin-bottom: 0px !important;}&#8221;][\/vc_column][vc_column css_animation=&#8221;none&#8221; width=&#8221;1\/2&#8243; css=&#8221;.vc_custom_1496929103695{margin-bottom: 20px !important;padding-top: 0px !important;}&#8221; offset=&#8221;vc_col-lg-3 vc_col-md-3&#8243;][vc_custom_heading text=&#8221;E-MAIL&#8221; font_container=&#8221;tag:h6|text_align:left&#8221; use_theme_fonts=&#8221;yes&#8221; css=&#8221;.vc_custom_1535329218082{margin-bottom: 10px !important;}&#8221;][vc_separator color=&#8221;custom&#8221; accent_color=&#8221;#eaeaea&#8221; css=&#8221;.vc_custom_1481478904779{margin-bottom: 10px !important;}&#8221;][vc_custom_heading text=&#8221;SAC:<br \/>\ncontato@costaodaserrasc.com.br<\/p>\n<p>&#8221; font_container=&#8221;tag:p|text_align:left&#8221; use_theme_fonts=&#8221;yes&#8221; css=&#8221;.vc_custom_1545359556370{margin-bottom: 0px !important;}&#8221;][\/vc_column][\/vc_row][vc_row full_width=&#8221;stretch_row_content_no_spaces&#8221; css=&#8221;.vc_custom_1496930381502{margin-bottom: 8vh !important;}&#8221;][vc_column][\/vc_column][vc_column_text]<\/p>\n<p>Eu sou um bloco de texto. Clique no bot\u00e3o Editar (L\u00e1pis) para alterar o conte\u00fado deste elemento.<\/p>\n<p>[\/vc_column_text][vc_row full_width=&#8221;stretch_row_content_no_spaces&#8221; css_animation=&#8221;none&#8221; css=&#8221;.vc_custom_1496927007057{margin-top: -40px !important;margin-bottom: 8vh !important;}&#8221;][\/vc_row][\/vc_row][vc_column][\/vc_column]\n\t\t\t\t\t\n\t\t\t\t<div class=\"google-map-container  content-vertical-middle content-horizontal-left map-container-with-content\" style=\"height:500px;\">\n\n\t\t\t\t\t<div class=\"woodmart-google-map-wrapper\">\n\t\t\t\t\t\t<div class=\"woodmart-google-map with-content google-map-451\"><\/div>\n\t\t\t\t\t<\/div>\n\t\t\t\t\t<div class=\"woodmart-google-map-content-wrap container\">\n\t\t\t\t\t\t<div class=\"woodmart-google-map-content\" style=\"max-width: 340px;\">\n\t\t\t\t\t\t\t\t\t\t<div class=\"info-box-wrapper \">\n\t\t\t\t<div id=\"wd-6a0957dea9b49\" class=\" cursor-pointer woodmart-info-box text-left box-icon-align-left box-style- color-scheme- woodmart-bg-none box-title-default vc_custom_1514938621923\"  >\n\t\t\t\t\t\t\t\t\t\t<div class=\"info-box-content\">\n\t\t\t\t\t\t<div class=\"info-box-subtitle subtitle-color-default subtitle-style-default woodmart-font-weight-\">LOCALIZA\u00c7\u00c3O DE NOSSA F\u00c1BRICA<\/div><h4 class=\"info-box-title woodmart-font-weight- box-title-style-default\">ENDERE\u00c7O:<\/h4>\t\t\t\t\t\t<div class=\"info-box-inner reset-mb-10\">\n\t\t\t\t\t\t\t<p>Rua \u00c9rico Ver\u00edssimo, 143,<br \/>\nS\u00e3o Luiz, Crici\u00fama, SC<\/p>\n\t\t\t\t\t\t<\/div>\n\n\t\t\t\t\t\t\t\t\t\t\t\t\n\t\t\t\t\t<\/div>\n\n\t\t\t\t\t\t\t\t\t<\/div>\n\t\t\t<\/div>\n\t\t\t\t\t\t\t\t<\/div>\n\t\t\t\t\t<\/div>\n\n\t\t\t\t<\/div>\n\t\t\t\t\t[vc_row equal_height=&#8221;yes&#8221; css_animation=&#8221;none&#8221; css=&#8221;.vc_custom_1496926452255{margin-right: -50px !important;margin-left: -50px !important;}&#8221;][vc_column css=&#8221;.vc_custom_1496927710186{border-right-width: 1px !important;padding-top: 20px !important;padding-right: 50px !important;padding-bottom: 10px !important;padding-left: 50px !important;border-right-color: #e8e8e8 !important;border-right-style: solid !important;}&#8221; offset=&#8221;vc_col-lg-6 vc_col-md-6&#8243;]\n\t\t<div id=\"wd-6a0957dea9be9\" class=\"title-wrapper  woodmart-title-color-default woodmart-title-style-default woodmart-title-width-100 text-left woodmart-title-size-default \">\n\t\t\t\t\t\t\t<div class=\"title-subtitle  font-default subtitle-style-default woodmart-font-weight-\">INFORMA\u00c7\u00d5ES \u00daTEIS<\/div>\n\t\t\t\n\t\t\t<div class=\"liner-continer\">\n\t\t\t\t<span class=\"left-line\"><\/span>\n\t\t\t\t<h4 class=\"woodmart-title-container title  woodmart-font-weight-\" >PERGUNTAS FREQUENTES<\/h4>\t\t\t\t\t\t\t\t<span class=\"right-line\"><\/span>\n\t\t\t<\/div>\n\t\t\t\n\t\t\t\n\t\t\t\t\t<\/div>\n\t\t\n\t\t[vc_tta_accordion shape=&#8221;square&#8221; color=&#8221;white&#8221; c_icon=&#8221;chevron&#8221; c_position=&#8221;right&#8221; active_section=&#8221;1&#8243; no_fill=&#8221;true&#8221; collapsible_all=&#8221;true&#8221;][vc_tta_section title=&#8221;Receberei o mesmo produto que vejo na foto?&#8221; tab_id=&#8221;1484049984208-4e284a2e-4b83&#8243;][vc_column_text]Sim, as imagens s\u00e3o de produtos reais. Na descri\u00e7\u00e3o do produto voc\u00ea poder\u00e1 conferir as informa\u00e7\u00f5es de ingredientes, embalagem e quantidade de itens na caixa.[\/vc_column_text][\/vc_tta_section][vc_tta_section title=&#8221;Onde posso conferir meus pedidos?&#8221; tab_id=&#8221;1484056430132-f06cc1b5-a7ca&#8221;][vc_column_text]Voc\u00ea pode conferir seus pedidos acessando sua <strong>Conta<\/strong> e clicando no Link &#8220;<strong>Pedidos<\/strong>&#8221; no Men\u00fa.[\/vc_column_text][\/vc_tta_section][vc_tta_section title=&#8221;Posso devolver um item?&#8221; tab_id=&#8221;1484049984302-e0b553b6-82dc&#8221;][vc_column_text][\/vc_column_text][\/vc_tta_section][vc_tta_section title=&#8221;Os itens indicados como &#8220;fora de estoque&#8220; ser\u00e3o repostos?&#8221; tab_id=&#8221;1484057271889-b3b2ad15-15f7&#8243;][vc_column_text]Sim, nosso estoque ser\u00e1 atualizado sempre que o sistema da Loja Virtual avisar ao nosso Operador que o estoque de um determinado produto est\u00e1 &#8220;Zerado&#8221;.[\/vc_column_text][\/vc_tta_section][vc_tta_section title=&#8221;Como acompanho o andamento de meus pedidos?&#8221; tab_id=&#8221;1484056425804-e857e9fe-0c57&#8243;][vc_column_text]Voc\u00ea pode conferir o andamento de seus pedidos acessando sua conta e clicando no Link &#8220;<strong>Pedidos<\/strong>&#8221; no Men\u00fa, na p\u00e1gina &#8220;<strong>Pedidos<\/strong>&#8220;, confira a Coluna &#8220;<strong>Status<\/strong>&#8220;.[\/vc_column_text][\/vc_tta_section][vc_tta_section title=&#8221;Como fa\u00e7o para comprar na loja Online do Cost\u00e3o da Serra?&#8221; tab_id=&#8221;1535324077293-4bb30fcf-34e8&#8243;][vc_column_text]Antes de mais nada fa\u00e7a um cadastro r\u00e1pido na loja para ficar logado.<br \/>\nClique no bot\u00e3o &#8220;<strong>Comprar<\/strong>&#8221; para colocar o produto na <strong>Cestinha<\/strong>, depois de todos os produtos colocados na Cestinha, clique em &#8220;<strong>Finalizar Compra<\/strong>&#8220;.<br \/>\nEm seguida voc\u00ea ser\u00e1 redirecionado para a P\u00e1gina &#8220;<strong>Conferir Compra<\/strong>&#8220;, nesta p\u00e1gina voc\u00ea ter\u00e1 como conferir novamente todos os produtos colocados na Cestinha e selecionar o modo de entrega (PAC\/SEDEX) e forma de Pagamento.<br \/>\nDepois \u00e9 s\u00f3 clicar no bot\u00e3o &#8220;<strong>Realizar Pagamento<\/strong>&#8221; e voc\u00ea ser\u00e1 redirecionado para o sistema de Pagamento correspondente.[\/vc_column_text][\/vc_tta_section][vc_tta_section title=&#8221;Como posso efetuar o pagamento?&#8221; tab_id=&#8221;1535324076171-76896a85-b461&#8243;][vc_column_text]Escolha entre v\u00e1rios m\u00e9todos de pagamento, incluindo cart\u00f5es de cr\u00e9dito e bancos brasileiros. Pague de forma segura e r\u00e1pida com PagSeguro ou Mercado Pago.<\/p>\n<p><strong>Formas de Pagamento:<\/strong><\/p>\n<p>&#8211; Transfer\u00eancia banc\u00e1ria direta<br \/>\n&#8211; Pagamento na entrega (Para endere\u00e7os na Regi\u00e3o de Crici\u00fama)<br \/>\n&#8211; PagSeguro (Voc\u00ea efetua o pagamento pelo meio de pagamento escolhido (cart\u00e3o de cr\u00e9dito, Saldo PagSeguro, d\u00e9bito online \/ TEF ou boleto). O pagamento \u00e9 aprovado ap\u00f3s a an\u00e1lise da transa\u00e7\u00e3o pelo PagSeguro.<br \/>\n&#8211; Mercado Pago (Modo de Pagamento do Mercado Livre)<br \/>\n&#8211; Mercado Pago &#8211; Cart\u00e3o de Cr\u00e9dito Mercado Pago (Modo de Pagamento do Mercado Livre)<br \/>\n&#8211; Mercado Pago &#8211; Boleto (Taxa de R$0,04) &#8211; (Modo de Pagamento do Mercado Livre)<br \/>\nO pagamento \u00e9 aprovado ap\u00f3s a an\u00e1lise da transa\u00e7\u00e3o pelo Mercado Pago.[\/vc_column_text][\/vc_tta_section][vc_tta_section title=&#8221;Preciso ter Conta no PagSeguro\/Mercado Pago?&#8221; tab_id=&#8221;1535324069513-88af905f-0bbb&#8221;][vc_column_text]Sim, assim que voc\u00ea selecionar a forma de pagamento voc\u00ea ser\u00e1 redirecionado para o Sistema de Pagamento selecionado, onde voc\u00ea far\u00e1 um r\u00e1pido cadastro, caso ainda n\u00e3o tenha e finalizar a forma de pagamento.[\/vc_column_text][\/vc_tta_section][vc_tta_section title=&#8221;Posso parcelar o pagamento?&#8221; tab_id=&#8221;1535324431552-12d75e16-a0aa&#8221;][vc_column_text]Voc\u00ea pode parcelar o pagamento nas compras acima de R$ 50,00.<br \/>\nVoc\u00ea pode parcelar at\u00e9 4x sem juros.[\/vc_column_text][\/vc_tta_section][\/vc_tta_accordion][\/vc_column][vc_column css=&#8221;.vc_custom_1496927688909{padding-top: 20px !important;padding-right: 50px !important;padding-bottom: 10px !important;padding-left: 50px !important;}&#8221; offset=&#8221;vc_col-lg-6 vc_col-md-6&#8243;]\n\t\t<div id=\"wd-6a0957dea9c1e\" class=\"title-wrapper  woodmart-title-color-default woodmart-title-style-default woodmart-title-width-100 text-left woodmart-title-size-default \">\n\t\t\t\t\t\t\t<div class=\"title-subtitle  font-default subtitle-style-default woodmart-font-weight-\">SOBRE N\u00d3S<\/div>\n\t\t\t\n\t\t\t<div class=\"liner-continer\">\n\t\t\t\t<span class=\"left-line\"><\/span>\n\t\t\t\t<h4 class=\"woodmart-title-container title  woodmart-font-weight-\" >ENTRE EM CONTATO PARA MAIORES INFORMA\u00c7\u00d5ES<\/h4>\t\t\t\t\t\t\t\t<span class=\"right-line\"><\/span>\n\t\t\t<\/div>\n\t\t\t\n\t\t\t\n\t\t\t\t\t<\/div>\n\t\t\n\t\t[contact-form-7 id=&#8221;4&#8243;][\/vc_column][\/vc_row]<\/p>\n","protected":false},"excerpt":{"rendered":"<p>[vc_row css=&#8221;.vc_custom_1496928548785{margin-top: 4vh !important;margin-bottom: 8vh !important;}&#8221;][vc_column offset=&#8221;vc_col-lg-offset-3 vc_col-lg-6 vc_col-md-offset-3 vc_col-md-6&#8243;][vc_custom_heading text=&#8221;Fale Conosco&#8221; font_container=&#8221;tag:h5|font_size:48|text_align:center&#8221; use_theme_fonts=&#8221;yes&#8221; css=&#8221;.vc_custom_1535328908213{margin-bottom: 10px !important;}&#8221;][vc_column_text el_class=&#8221;text-larger&#8221; css=&#8221;.vc_custom_1535329003429{margin-bottom: 0px<\/p>\n","protected":false},"author":1,"featured_media":0,"parent":0,"menu_order":0,"comment_status":"closed","ping_status":"closed","template":"","meta":{"footnotes":""},"_links":{"self":[{"href":"http:\/\/costaodaserrasc.com.br\/loja\/wp-json\/wp\/v2\/pages\/646"}],"collection":[{"href":"http:\/\/costaodaserrasc.com.br\/loja\/wp-json\/wp\/v2\/pages"}],"about":[{"href":"http:\/\/costaodaserrasc.com.br\/loja\/wp-json\/wp\/v2\/types\/page"}],"author":[{"embeddable":true,"href":"http:\/\/costaodaserrasc.com.br\/loja\/wp-json\/wp\/v2\/users\/1"}],"replies":[{"embeddable":true,"href":"http:\/\/costaodaserrasc.com.br\/loja\/wp-json\/wp\/v2\/comments?post=646"}],"version-history":[{"count":22,"href":"http:\/\/costaodaserrasc.com.br\/loja\/wp-json\/wp\/v2\/pages\/646\/revisions"}],"predecessor-version":[{"id":1452,"href":"http:\/\/costaodaserrasc.com.br\/loja\/wp-json\/wp\/v2\/pages\/646\/revisions\/1452"}],"wp:attachment":[{"href":"http:\/\/costaodaserrasc.com.br\/loja\/wp-json\/wp\/v2\/media?parent=646"}],"curies":[{"name":"wp","href":"https:\/\/api.w.org\/{rel}","templated":true}]}}